 (base 6) in base 8?
4
What is -1a (base 12) in base 7?
-31
What is -10011 (base 3) in base 14?
-61
What is -4 (base 7) in base 5?
-4
7 (base 15) to base 5
12
72 (base 9) to base 4
1001
Convert 62 (base 9) to base 4.
320
Convert -4 (base 8) to base 11.
-4
Convert 4a (base 15) to base 12.
5a
-2 (base 3) to base 8
-2
What is 2 (base 14) in base 10?
2
What is 3 (base 11) in base 4?
3
What is 2 (base 10) in base 2?
10
Convert 21 (base 8) to base 6.
25
173 (base 11) to base 4
3021
-1003 (base 4) to base 8
-103
9a (base 11) to base 15
74
Convert -13 (base 4) to base 6.
-11
What is 1b4 (base 12) in base 16?
118
What is -a0 (base 15) in base 14?
-aa
What is 0 (base 14) in base 8?
0
Convert -47 (base 16) to base 4.
-1013
Convert -3 (base 10) to base 13.
-3
What is -1 (base 11) in base 2?
-1
What is 30 (base 5) in base 15?
10
-3 (base 12) to base 8
-3
Convert 1000 (base 3) to base 12.
23
What is -11 (base 2) in base 14?
-3
What is -5 (base 15) in base 16?
-5
What is -1001010 (base 2) in base 11?
-68
Convert -114 (base 8) to base 4.
-1030
Convert -2 (base 13) to base 10.
-2
Convert 1 (base 3) to base 16.
1
What is -214 (base 5) in base 10?
-59
-4 (base 10) to base 8
-4
-45 (base 9) to base 7
-56
-2201 (base 3) to base 9
-81
Convert 2012 (base 4) to base 6.
342
Convert -5 (base 11) to base 15.
-5
-2 (base 4) to base 9
-2
Convert -161 (base 9) to base 11.
-114
What is -1 (base 13) in base 5?
-1
202 (base 3) to base 7
26
-23 (base 7) to base 12
-15
-124 (base 11) to base 2
-10010011
What is 21 (base 8) in base 9?
18
Convert -2202 (base 3) to base 15.
-4e
Convert -236 (base 13) to base 8.
-577
What is -4 (base 13) in base 12?
-4
-1133 (base 4) to base 11
-87
What is -47 (base 9) in base 10?
-43
What is -1000 (base 4) in base 9?
-71
What is 5 (base 12) in base 11?
5
225 (base 6) to base 14
65
Convert a (base 14) to base 7.
13
What is -6 (base 10) in base 14?
-6
10 (base 11) to base 16
b
What is 2 (base 14) in base 13?
2
What is 1000 (base 3) in base 8?
33
Convert -4 (base 8) to base 7.
-4
What is 19 (base 12) in base 8?
25
352 (base 6) to base 15
95
Convert 0 (base 14) to base 12.
0
What is 6 (base 16) in base 6?
10
What is -15 (base 9) in base 6?
-22
13 (base 14) to base 5
32
Convert 0 (base 11) to base 10.
0
Convert -6 (base 10) to base 6.
-10
65 (base 15) to base 10
95
-343 (base 5) to base 12
-82
Convert 1 (base 5) to base 10.
1
What is 1 (base 6) in base 14?
1
Convert 12 (base 10) to base 9.
13
62 (base 7) to base 2
101100
Convert -4 (base 13) to base 16.
-4
8 (base 13) to base 14
8
What is 16 (base 8) in base 7?
20
What is -e (base 16) in base 7?
-20
-5 (base 8) to base 9
-5
12 (base 4) to base 7
6
What is 10 (base 3) in base 11?
3
1020 (base 4) to base 9
80
18 (base 9) to base 6
25
What is -14 (base 12) in base 8?
-20
Convert 21 (base 5) to base 14.
b
120 (base 5) to base 2
100011
266 (base 8) to base 7
350
Convert -17 (base 11) to base 6.
-30
-11 (base 2) to base 6
-3
What is -11 (base 2) in base 15?
-3
2 (base 11) to base 5
2
What is -42 (base 6) in base 15?
-1b
-20 (base 3) to base 14
-6
What is -33 (base 10) in base 13?
-27
What is -1000 (base 2) in base 3?
-22
What is -1d (base 16) in base 10?
-29
What is -1111 (base 7) in base 6?
-1504
What is -11 (base 3) in base 12?
-4
Convert 0 (base 14) to base 5.
0
Convert -112 (base 10) to base 15.
-77
Convert -22 (base 16) to base 10.
-34
11 (base 4) to base 9
5
Convert -6 (base 16) to base 2.
-110
-43 (base 9) to base 11
-36
-323 (base 4) to base 13
-47
Convert 10 (base 5) to base 9.
5
Convert -172 (base 8) to base 12.
-a2
Convert 10010 (base 3) to base 2.
1010100
What is 16 (base 11) in base 3?
122
Convert -563 (base 8) to base 7.
-1040
-1130 (base 4) to base 6
-232
Convert -21 (base 10) to base 11.
-1a
What is 9 (base 14) in base 4?
21
What is 371 (base 8) in base 14?
13b
Convert -142 (base 7) to base 5.
-304
31 (base 9) to base 6
44
Convert -502 (base 7) to base 12.
-187
54 (base 6) to base 9
37
2021 (base 3) to base 14
45
Convert 0 (base 14) to base 5.
0
What is -1141 (base 6) in base 13?
-184
What is 0 (base 7) in base 3?
0
What is 233 (base 6) in base 12?
79
What is -14 (base 11) in base 14?
-11
-122 (base 3) to base 7
-23
What is 1 (base 4) in base 16?
1
What is 1031 (base 6) in base 10?
235
Convert -a (base 16) to base 7.
-13
Convert -1 (base 6) to base 4.
-1
Convert 3 (base 4) to base 7.
3
Convert 64 (base 7) to base 2.
101110
-31 (base 9) to base 10
-28
Convert -b (base 16) to base 2.
-1011
-5 (base 16) to base 8
-5
What is 1413 (base 5) in base 6?
1025
57 (base 8) to base 10
47
What is 27 (base 10) in base 7?
36
What is 134 (base 13) in base 12?
158
-1102 (base 3) to base 4
-212
What is 10 (base 5) in base 9?
5
-122 (base 3) to base 13
-14
What is -7 (base 9) in base 15?
-7
-2 (base 8) to base 3
-2
Convert 2 (base 3) to base 10.
2
3 (base 5) to base 6
3
131 (base 4) to base 10
29
What is -102 (base 4) in base 15?
-13
What is -13 (base 6) in base 15?
-9
130 (base 10) to base 6
334
What is -1f (base 16) in base 14?
-23
Convert -31 (base 4) to base 11.
-12
What is 1 (base 6) in base 13?
1
What is -5c (base 13) in base 7?
-140
What is 20 (base 6) in base 8?
14
-1 (base 10) to base 13
-1
-2b (base 14) to base 11
-36
-4 (base 6) to base 4
-10
-3 (base 5) to base 8
-3
What is -18 (base 12) in base 2?
-10100
Convert -3 (base 13) to base 7.
-3
-38 (base 11) to base 9
-45
221 (base 3) to base 15
1a
Convert -5 (base 7) to base 9.
-5
What is -3 (base 16) in base 12?
-3
What is 55 (base 6) in base 3?
1022
Convert -32 (base 7) to base 14.
-19
What is 111 (base 2) in base 6?
11
18 (base 11) to base 9
21
What is -110000 (base 2) in base 11?
-44
-100 (base 2) to base 14
-4
What is 3 (base 7) in base 11?
3
What is -20 (base 5) in base 3?
-101
What is 28 (base 10) in base 3?
1001
Convert 379 (base 10) to base 16.
17b
39 (base 11) to base 3
1120
-2 (base 8) to base 4
-2
Convert 2 (base 9) to base 14.
2
Convert 186 (base 15) to base 8.
537
What is 15 (base 15) in base 2?
10100
-100100 (base 2) to base 3
-1100
214 (base 5) to base 6
135
Convert -100 (base 3) to base 4.
-21
Convert 1002 (base 6) to base 13.
13a
-2 (base 7) to base 14
-2
What is 0 (base 7) in base 11?
0
4 (base 12) to base 9
4
Convert -1a (base 13) to base 5.
-43
Convert 35 (base 8) to base 14.
21
What is -3 (base 4) in base 10?
-3
What is -2200 (base 3) in base 2?
-1001000
Convert 18 (base 9) to base 5.
32
What is -11 (base 13) in base 7?
-20
-7 (base 16) to base 2
-111
Convert -10 (base 13) to base 9.
-14
Convert 125 (base 9) to base 11.
95
Convert 43 (base 6) to base 9.
30
What is -145 (base 7) in base 14?
-5c
Convert 2 (base 5) to base 12.
2
Convert 0 (base 10) to base 9.
0
1 (base 10) to base 7
1
3 (base 8) to base 6
3
-2 (base 12) to base 5
-2
What is 44 (base 5) in base 15?
19
10 (base 10) to base 7
13
Convert 23 (base 4) to base 16.
b
Convert -b (base 12) to base 6.
-15
5 (base 12) to base 3
12
What is 20 (base 3) in base 7?
6
What is -43 (base 9) in base 7?
-54
10 (base 4) to base 13
4
Convert -10 (base 2) to base 13.
-2
What is 15 (base 10) in base 12?
13
52 (base 6) to base 10
32
Convert -1 (base 15) to base 10.
-1
What is -100121 (base 3) in base 11?
-216
-224 (base 7) to base 5
-431
Convert 43 (base 15) to base 6.
143
2010 (base 5) to base 9
313
-2 (base 12) to base 9
-2
Convert 10111000 (base 2) to base 15.
c4
Convert 355 (base 6) to base 8.
217
What is -10 (base 5) in base 8?
-5
What is -2 (base 14) in base 5?
-2
Convert a (base 13) to base 10.
10
Convert a (base 11) to base 16.
a
Convert -8 (base 13) to base 8.
-10
What is 33 (base 13) in base 3?
1120
What is 5 (base 15) in base 8?
5
What is -7d (base 16) in base 12?
-a5
-38 (base 9) to base 14
-27
What is 10 (base 12) in base 11?
11
What is 2 (base 10) in base 14?
2
1 (base 14) to base 9
1
Convert -59 (base 13) to base 7.
-134
-1 (base 3) to base 16
-1
What is 4 (base 11) in base 10?
4
Convert 3 (base 13) to base 11.
3
Convert -17 (base 13) to base 3.
-202
What is 11010000 (base 2) in base 9?
251
Convert 6 (base 13) to base 12.
6
Convert -143 (base 7) to base 8.
-120
What is 3302 (base 4) in base 10?
242
Convert -13 (base 8) to base 7.
-14
345 (base 8) to base 2
11100101
What is -49 (base 15) in base 11?
-63
What is 10011010 (base 2) in base 7?
310
-50 (base 10) to base 15
-35
Co